0, 0*g + 3*i = -3*g + 12. Calculate the remainder when 20 is divided by g.
6
Let c be (-192)/(-104) - 4/(-26). Suppose -24 = c*i - 8*i. Let v(b) = 2*b + 4. What is the remainder when 35 is divided by v(i)?
11
Suppose 13*y - 11*y + 36 = 0. Let i = 19 + y. What is the remainder when 2 is divided by i?
0
What is the remainder when 890 is divided by 243/(-18)*1*-6?
80
Let p = -2139 - -2173. Let b(m) = -m + 101. What is the remainder when b(0) is divided by p?
33
Suppose -4*u + 3*z + 19 = 0, 3*u + z - 8 = -3*z. Suppose 0 = u*n - 553 - 239. Calculate the remainder when n is divided by 20.
18
Suppose 3*g = -5*s + 437, -7 - 1 = -2*g. Let w be ((-1)/3)/(3/(-522)). What is the remainder when s is divided by -4*(-1)/8*w?
27
Let u = -6 + 13. What is the remainder when 61 is divided by u?
5
Suppose 2*o + l - 14 = 0, -5*o - 6*l + 24 = -9*l. Calculate the remainder when 93 is divided by o.
3
Let t(s) = s - 21. Let n be t(12). Let h = n - -72. Suppose -4*l = -h - 1. Calculate the remainder when l is divided by 10.
6
Let c(j) = j**3 + 3*j**2 - j - 2. What is the remainder when c(5) is divided by 33?
28
Suppose 55 = y + 51. What is the remainder when 6 is divided by y?
2
Suppose 0 = b - y - 129, -b + 393 = 2*b + 3*y. Calculate the remainder when b is divided by 4.
2
Let i(a) = 3*a**2 + 40*a + 23. Calculate the remainder when 99 is divided by i(-14).
48
Let b(d) = 2*d**3 - 5*d**2 - 2*d + 5. Suppose 2*v = 37 + 9. Suppose 3*k - v = 13. Calculate the remainder when b(4) is divided by k.
9
Let o(q) = -4*q**2 + 11*q. Let y be o(5). Let i = y + 52. What is the remainder when 23 is divided by i?
2
Calculate the remainder when 357 is divided by 20/(-90) - (-1084)/18.
57
Let d = 17 - -10. What is the remainder when d is divided by (-1)/(6/(-4)*22/231)?
6
Let y = 241 + -203. What is the remainder when y is divided by 8?
6
Let u(c) = -16*c - 4. Suppose -i + 3*i = -4. Let d = -60 - -115. Calculate the remainder when d is divided by u(i).
27
Suppose -w - 3*w - 5*u = -19, -w = 5*u + 14. Let m = 120 - 79. What is the remainder when m is divided by w?
8
Let p(o) = o**3 - 7*o**2 + o - 2. Let x be p(8). Let n = x + -20. Calculate the remainder when n is divided by 13.
11
Let c(b) = b**3 + 2*b**2 + 2. Let f be c(-2). What is the remainder when f/(-1 + (-232)/(-228)) is divided by 29?
27
Suppose -4*a - 30 = -3*y - a, -5*y + 4*a = -54. Let n be (-99)/44 + (-1)/(-4). Calculate the remainder when y is divided by 6/(n - 14/(-4)).
2
Let y = -3 - -5. Let t(d) = 6*d**2 - d - 1. Let m(j) = -j**3 + 28*j**2 - 30*j + 92. Calculate the remainder when t(y) is divided by m(27).
10
Let h be 84/22 - 4/(-22). Suppose -w + 9 = -h*w. Calculate the remainder when w/(-6)*22*1 is divided by 3.
2
Let k(t) = t**3 - 5*t**2 + 2*t - 5. Calculate the remainder when ((-16)/3)/((-68)/102) is divided by k(5).
3
Let c = 28 - 33. Let l(b) = -6*b - 6. Calculate the remainder when 93 is divided by l(c).
21
Let j(g) = g**3 + 11*g**2 - 15*g - 30. Calculate the remainder when 10 is divided by j(-12).
4
Suppose 5*b - 25 = -3*w, -2*w - 2*w + 4*b = 20. Suppose w = 3*f + 3*f - 114. What is the remainder when 74 is divided by f?
17
Suppose -9*m + 12 = -8*m. Let z be 1/5 + (-196)/5. What is the remainder when m/9*z/(-2) is divided by 7?
5
Suppose 507 = 5*y + 2332. Let l = y + 609. Calculate the remainder when l is divided by 49.
48
Let b be 2/(5/((-60)/(-8))). Suppose -b*j + 5*n + 516 = 0, -j + 174 = -3*n + 2*n. Suppose 7*k = 4*k + j. Calculate the remainder when k is divided by 15.
14
Let k(n) = 2*n**3 - 4*n**2 + n - 3. Suppose -3*g = 6, y = g - 3*g - 1. Let i(o) = o**2 + 15. What is the remainder when i(-4) is divided by k(y)?
13
Suppose -163 = 5*p + 147. Let g = p - -105. Suppose -9*d = -2*d - 161. Calculate the remainder when g is divided by d.
20
Suppose 32*h + 25 = 27*h. Let v(g) = 4*g**2 + 10*g + 3. What is the remainder when v(h) is divided by 11?
9
Let a = -55 + 60. Suppose -a = 3*k - 50. What is the remainder when k is divided by 1?
0
Suppose -10*h + 3*h - 35 = 0. Let a(i) = -i**3 - 6*i**2 - 4*i + 8. Suppose 2*x + 6 = -t - 2*x, t - 3 = -x. Calculate the remainder when t is divided by a(h).
0
Let t(a) = a**2 + 148. Suppose 0*d - 5 = -3*d - v, -4*d = 4*v - 20. Calculate the remainder when t(d) is divided by 25.
23
Let b = 5 - 3. Let v(d) = 3*d + 3. Let p be v(b). What is the remainder when 1/1 - p*-6 is divided by 20?
15
Suppose 3*k + a = 88, -126 = -5*k + k + 3*a. Suppose 6*y - 8*y + k = 0. Suppose -5*i = -169 + 34. Calculate the remainder when i is divided by y.
12
Suppose -2*x = -2*g + g + 9, -4*x = 3*g - 7. Suppose -g*t + 413 - 123 = 0. What is the remainder when t is divided by 22?
14
Let d be (60/3)/5 + 12. Suppose -3*g - 2*y = -d, -g - 20 = -3*g + y. Calculate the remainder when ((-54)/4 + 2)*-2 is divided by g.
7
Suppose z - 3*x = 32, 4*z = 4*x + 222 - 62. Calculate the remainder when 283 is divided by z.
19
Let n = -1886 + 3519. Calculate the remainder when n is divided by 43.
42
Suppose 0 = -c - 0*c + 5*y + 64, 4*c = -2*y + 190. Calculate the remainder when c is divided by (7/14)/(3/90).
4
Let d(a) = -19*a**3 + 1. Let w be d(-1). Let s = 32 - w. What is the remainder when (s/(-3))/4 + 28 is divided by 10?
7
Let a(q) = -10*q + 1. What is the remainder when a(-5) is divided by (4/(-10))/((-18)/15)*39?
12
Let u = -42 + 64. Suppose 5*i = -3*d + 16, 0 = -711*i + 709*i - 8. What is the remainder when u is divided by d?
10
Let k(r) = r**2 - 5*r + 3. Let s(m) = -m**2 + 4*m. Let c be s(5). Calculate the remainder when k(c) is divided by 14.
11
Suppose -3*q + 123 = -0*q. Calculate the remainder when ((-2)/(-3))/(1964/1956 + -1) is divided by q.
40
Let b(i) = 2*i**2 - 4. Calculate the remainder when 82 is divided by b(4).
26
Suppose -21 = -3*n + 6*d, -5*d + 0*d - 25 = -4*n. Suppose 0 = -0*j + j - 8. Calculate the remainder when j is divided by n.
3
Let a be 5/(-45)*-3*3*4. Suppose -2*n - a*w - 57 + 223 = 0, 4*n - 3*w = 387. What is the remainder when n is divided by 24?
21
What is the remainder when (1/(-4))/(6/20)*-186 is divided by 40?
35
Let p(y) = 18*y + 4. Let l be p(4). Suppose 5*c = 4*g + 98, 0 = -4*c - 3*g + 5*g + l. Let w(t) = 4*t**2 + 5. What is the remainder when w(-4) is divided by c?
15
Let k(a) = -a**2 + 1. Let o(s) = -2*s**2 - s + 1. Let g(u) = -2*k(u) - 2*o(u). Calculate the remainder when 94 is divided by g(2).
22
Let k = -218 + 254. What is the remainder when 59 is divided by k?
23
Let j be (-2)/3 - -2*(-465)/(-18). Suppose 5*a = m - 14, -2*m - 4*a + 5 + j = 0. Let c(p) = 3*p. Calculate the remainder when m is divided by c(3).
6
Suppose 2*i - 8 - 10 = 0. Suppose -2595 - 27 = -38*l. Calculate the remainder when l is divided by i.
6
Let s(c) = c**2 - 19*c + 48. Let h be s(16). Suppose h = 2*v - 43 - 9. Calculate the remainder when 47 is divided by v.
21
Let p = -27 - -53. What is the remainder when p is divided by 18?
8
Suppose 23*j = -0*j + 943. Calculate the remainder when j is divided by 22.
19
Let q = 15 - 15. Suppose -12 = -q*r - 3*r. Suppose r*p - 10 = 2*p. What is the remainder when 13 is divided by p?
3
Suppose c - 42 = 7. Let b(o) = o - 10. Let i be b(13). Suppose -3*d + 6*d = -12, -39 = -i*y - 3*d. What is the remainder when c is divided by y?
15
Let o = 551 - 465. Suppose -21 = 4*t - 2*i + 187, t + 2*i + 62 = 0. Let k = o + t. Calculate the remainder when k is divided by 11.
10
Suppose 0 = a - 5*w - 38, -2*a + 5*w + 0*w = -56. What is the remainder when (-2 + -8*1)/((-4)/20) is divided by a?
14
Let s = -181 + 243. What is the remainder when s is divided by 7?
6
Let p = -86 + 227. What is the remainder when p is divided by 88?
53
Let f(m) be the second derivative of m**5/20 + 11*m**4/12 + 4*m**3 + 19*m**2/2 + 37*m. What is the remainder when f(-6) is divided by 29?
26
Let f = -15 + 12. Let k(v) = 3*v - 4. Let w(s) = 2*s - 3. Let o(d) = f*k(d) + 4*w(d). Calculate the remainder when o(-7) is divided by 5.
2
Let m(u) be the third derivative of 3*u**5/20 - 7*u**4/24 - u**3 - 29*u**2. Calculate the remainder when 13 is divided by m(-1).
3
Let j = 9 + -7. Let w(h) = -j*h + 0*h - 2*h + 2*h**3 + 0*h**2 - h**2 + 4. Calculate the remainder when w(3) is divided by 20.
17
Suppose -42*c + 978 + 2550 = 0. Calculate the remainder when c is divided by 47.
37
Suppose 3*g - 4*q - 185 = 0, -5*g + q = -16 -